ate the greatest common divisor of 80 and 3760.
80
What is the greatest common divisor of 48 and 6216?
24
Calculate the highest common divisor of 152 and 1444.
76
What is the greatest common divisor of 8 and 188?
4
Calculate the greatest common divisor of 336 and 276.
12
What is the greatest common factor of 209 and 19?
19
What is the greatest common factor of 36 and 54?
18
What is the highest common divisor of 42 and 12?
6
What is the highest common factor of 414 and 45?
9
Calculate the greatest common divisor of 30 and 480.
30
Calculate the highest common divisor of 40 and 6328.
8
Calculate the highest common factor of 2368 and 1073.
37
What is the greatest common factor of 70 and 920?
10
Calculate the greatest common factor of 3 and 5007.
3
Calculate the highest common divisor of 530 and 106.
106
Calculate the greatest common divisor of 1365 and 6045.
195
What is the highest common factor of 184 and 598?
46
Calculate the greatest common factor of 24 and 8934.
6
Calculate the highest common divisor of 256 and 3760.
16
What is the highest common factor of 32 and 2680?
8
Calculate the highest common factor of 15067 and 19.
19
Calculate the highest common factor of 7630 and 140.
70
Calculate the highest common factor of 10127 and 13.
13
Calculate the greatest common factor of 1332 and 9.
9
Calculate the greatest common divisor of 267 and 89.
89
What is the highest common factor of 666 and 74?
74
What is the greatest common factor of 21 and 49?
7
Calculate the highest common divisor of 11 and 693.
11
What is the greatest common factor of 308 and 1890?
14
Calculate the highest common factor of 45 and 576.
9
What is the highest common factor of 350 and 1540?
70
What is the highest common factor of 144 and 528?
48
Calculate the greatest common factor of 102 and 1564.
34
What is the greatest common factor of 288 and 270?
18
Calculate the greatest common factor of 4104 and 38.
38
What is the greatest common divisor of 28 and 1358?
14
What is the highest common divisor of 269 and 12?
1
What is the highest common divisor of 1298 and 22?
22
Calculate the highest common divisor of 204 and 2958.
102
Calculate the highest common divisor of 9216 and 144.
144
What is the highest common factor of 52 and 28?
4
Calculate the highest common divisor of 3430 and 70.
70
What is the greatest common divisor of 69 and 299?
23
What is the highest common factor of 126 and 742?
14
Calculate the highest common divisor of 14 and 301.
7
What is the greatest common factor of 531 and 413?
59
What is the highest common factor of 12 and 2058?
6
What is the highest common divisor of 722 and 38?
38
Calculate the highest common divisor of 1862 and 98.
98
Calculate the highest common factor of 3252 and 60.
12
What is the greatest common factor of 312 and 432?
24
Calculate the greatest common divisor of 15 and 9.
3
Calculate the highest common divisor of 2 and 104.
2
What is the highest common factor of 28390 and 167?
167
What is the highest common factor of 98 and 4949?
49
Calculate the greatest common factor of 135 and 1188.
27
What is the greatest common factor of 54 and 864?
54
What is the greatest common factor of 6480 and 32?
16
What is the greatest common divisor of 34 and 4?
2
What is the highest common divisor of 1430 and 1287?
143
What is the highest common divisor of 475 and 665?
95
What is the highest common factor of 40 and 2560?
40
Calculate the highest common factor of 889 and 2540.
127
What is the highest common divisor of 578 and 34?
34
What is the greatest common factor of 100 and 130?
10
Calculate the highest common factor of 1539 and 9.
9
Calculate the greatest common divisor of 19 and 37.
1
What is the greatest common divisor of 21 and 833?
7
What is the highest common factor of 4307 and 236?
59
What is the highest common divisor of 660 and 24090?
330
What is the greatest common divisor of 194 and 2?
2
Calculate the greatest common factor of 82 and 8446.
82
Calculate the highest common factor of 57 and 77.
1
Calculate the greatest common factor of 21 and 25683.
21
Calculate the highest common divisor of 42 and 1386.
42
Calculate the greatest common factor of 7474 and 606.
202
What is the highest common divisor of 32 and 208?
16
What is the highest common factor of 868 and 28?
28
What is the greatest common factor of 671 and 33?
11
What is the greatest common factor of 16 and 108?
4
What is the highest common divisor of 55 and 8195?
55
Calculate the greatest common divisor of 57 and 3363.
57
What is the highest common factor of 3 and 1857?
3
What is the highest common factor of 98 and 28?
14
What is the greatest common factor of 1404 and 243?
27
What is the highest common factor of 338 and 10?
2
What is the greatest common factor of 49 and 686?
49
What is the greatest common divisor of 54 and 14526?
54
What is the greatest common divisor of 76 and 8?
4
What is the greatest common factor of 35 and 35665?
35
Calculate the highest common divisor of 39 and 1183.
13
What is the highest common factor of 1265 and 55?
55
What is the greatest common divisor of 3042 and 962?
26
What is the greatest common factor of 748 and 88?
44
What is the highest common factor of 374 and 66?
22
Calculate the highest common factor of 141 and 987.
141
What is the highest common divisor of 102 and 7?
1
What is the highest common factor of 1403 and 305?
61
What is the greatest common factor of 54 and 216?
54
Calculate the greatest common divisor of 108 and 52.
4
Calculate the greatest common factor of 2 and 54.
2
What is the highest common factor of 6 and 1167?
3
Calculate the highest common divisor of 38 and 380.
38
What is the highest common factor of 218 and 1199?
109
What is the highest common factor of 918 and 54?
54
What is the highest common divisor of 360 and 320?
40
Calculate the highest common divisor of 909 and 18.
9
Calculate the greatest common divisor of 224 and 1600.
32
Calculate the greatest common factor of 28 and 462.
14
Calculate the greatest common divisor of 70 and 2310.
70
What is the greatest common divisor of 4 and 518?
2
Calculate the greatest common divisor of 1180 and 20.
20
Calculate the greatest common divisor of 143 and 13.
13
Calculate the greatest common factor of 81 and 27.
27
What is the highest common factor of 1032 and 168?
24
What is the highest common factor of 153 and 5661?
153
Calculate the greatest common factor of 11 and 3762.
11
Calculate the greatest common divisor of 2 and 262.
2
What is the greatest common divisor of 3773 and 49?
49
What is the highest common divisor of 5 and 11?
1
What is the highest common divisor of 88 and 473?
11
Calculate the greatest common factor of 45 and 495.
45
What is the highest common factor of 29 and 1?
1
Calculate the greatest common divisor of 1300 and 247.
13
What is the highest common divisor of 363 and 165?
33
What is the highest common factor of 54 and 4266?
54
Calculate the greatest common factor of 56 and 294.
14
Calculate the greatest common divisor of 396 and 204.
12
What is the greatest common divisor of 50 and 640?
10
What is the greatest common factor of 950 and 684?
38
What is the highest common divisor of 558 and 434?
62
What is the greatest common divisor of 3266 and 46?
46
Calculate the highest common divisor of 460 and 64.
4
Calculate the highest common divisor of 12766 and 39.
13
What is the highest common divisor of 130 and 21580?
130
What is the highest common divisor of 200 and 488?
8
Calculate the greatest common factor of 640 and 20.
20
Calculate the greatest common factor of 126 and 798.
42
What is the highest common factor of 2629 and 220?
11
Calculate the greatest common factor of 273 and 28.
7
What is the greatest common divisor of 255 and 345?
15
Calculate the highest common factor of 288 and 352.
32
What is the highest common divisor of 900 and 31275?
225
What is the greatest common divisor of 105 and 168?
21
What is the highest common divisor of 56 and 196?
28
What is the greatest common divisor of 14986 and 2032?
254
What is the highest common factor of 175 and 2415?
35
What is the greatest common factor of 1344 and 84?
84
What is the highest common divisor of 7059 and 39?
39
What is the highest common factor of 570 and 2090?
190
What is the greatest common divisor of 192 and 72